 13*h - 893. Determine q(-3).
-2
Let d(h) = 2*h + 11. Let t be (14/3 - (-8)/(-12))*(-13 - -11). Calculate d(t).
-5
Let r(j) = -j - 13. Suppose 3*v = -4*o - 0*v + 23, 3*o + 19 = 5*v. Suppose 10*h = 11*h - u - 2, 4 = 5*h - o*u. Give r(h).
-13
Let o(b) be the first derivative of -5/2*b**2 - 2*b - 25 + 7/3*b**3. Let d(m) = 6*m**2 - 4*m - 2. Let c(z) = -6*d(z) + 5*o(z). What is c(2)?
-4
Let h(m) = m**2 + 14*m + 3. Suppose -3*a + 2*v + 136 = 0, -222 = -5*a + 4*v - 3*v. Suppose 0 = -3*d + 2*c - a, -4*c + 7*c = 2*d + 31. Determine h(d).
3
Let u(z) = -4*z - 3*z - z - 8 - z. Let v(q) = 19*q + 17. Let i(m) = 13*u(m) + 6*v(m). Let j(k) = -k - 1. Let p(c) = -2*i(c) + 7*j(c). Determine p(-7).
4
Let y(f) = 5*f - 16. Suppose -4*a - 5*s = -10*s + 66, 0 = 3*a - 4*s + 51. Calculate y(a).
-61
Let v be -2 + 2*4/(-8). Let k be 6/4*2/v. Let x(h) be the first derivative of 11*h**2 + h - 142. Determine x(k).
-21
Let a(n) = -2619*n**3 + 12 - 9*n**2 + 2618*n**3 - 10*n - 3*n**2 + 3. What is a(-11)?
4
Suppose 73 = 11*j - 92. Suppose 9*t = j*t - 30. Suppose 58 = t*r + 43. Let d(w) = -w**3 + 4*w**2 + w - 4. Calculate d(r).
8
Let j(b) be the third derivative of 3*b**4/8 - 17*b**3/6 - 155*b**2 + 3. Determine j(-2).
-35
Let r(m) = m**3 - 3*m**2 + 5*m - 4. Let l be r(2). Let k(t) = 9*t**2 - t - 2 - 8*t**2 - l*t. Let q be 4/(-1)*9/(-12). Determine k(q).
-2
Suppose -4*t = 3*z - 2*t - 110, t - 4 = 0. Suppose 6 + 90 = 3*i. Let q = i - z. Let g(y) = y + 1. Calculate g(q).
-1
Let b(n) = -n**3 + 11*n**2 + 13*n - 12. Suppose -k = 3*k + 7*k - 132. Calculate b(k).
0
Let j(b) = 2*b - 3. Let d(v) = 8*v**2 + 2*v + 3. Let x be d(2). Suppose -4 = x*f - 40*f. Give j(f).
5
Let f be (0 - 8)/(0 + -1). Let c(u) = -102*u**2 + 209*u**2 - f*u + 1 - 105*u**2. Determine c(6).
25
Let j(d) = -d**2 + 5*d - 4. Let f(q) = -2*q**3 - 10*q**2 - 13*q - 18. Let g be f(-6). Let n = -125 + g. Calculate j(n).
-18
Let k(p) = -8*p. Suppose -3*i = 3, 3*o - 5*i - 84 = 89. Let l be (-8)/14*o/16. Give k(l).
16
Let a(y) = -y + 8. Let n be (-5341)/(-436) - (-18)/(-8). Give a(n).
-2
Let b(l) = l**3 - l**2 + l - 36. Let r(u) = -u**2 + 40*u - 300. Let o be r(30). Give b(o).
-36
Let h(k) = 7*k - 748 - k - k**2 + 754. Let g be 10 - 7/((-7)/(-2)). Let c be ((-3)/5)/(g/(-80)). Calculate h(c).
6
Suppose -11 = -5*x + 9. Suppose 0 = -12*y + 8*y + x. Let t(u) = 5*u**3 + 3*u - 3. Let o(w) = -w**3 - w + 1. Let v(a) = -2*o(a) - t(a). Calculate v(y).
-3
Let v(z) = 86*z + 78 - 30*z - 35*z - 29*z. Let s be v(9). Let c(n) = -n**3 + 5*n**2 + 5*n - 3. Give c(s).
-9
Let m(z) = 75*z + 15. Let y(v) = 41*v + 8. Let r(u) = -6*m(u) + 11*y(u). Calculate r(1).
-1
Let o be (278/52 - (-44)/286)/((-3)/(-12)). Let t(z) = -4*z + 88. Give t(o).
0
Let u(s) = -2*s**2 - 11*s - 25. Let b(m) = -3*m**2 - 8*m - 25. Let k(n) = -4*b(n) + 5*u(n). Calculate k(12).
-13
Let d = 7 + -5. Let q(b) be the first derivative of b**3 - b**d + b + 0*b + 24 - 37. Give q(1).
2
Let i = -36 - -220. Let h = i + -183. Let l(d) = 0 + 8*d + 1 + d. Calculate l(h).
10
Let d(n) = 28*n + 40. Let i(v) = -11*v - 19. Let f(m) = -3*d(m) - 7*i(m). Calculate f(-4).
41
Let z(j) = -j**2 - 9*j + 8. Suppose -5*q - 180 = 13*q. Calculate z(q).
-2
Let o(m) = -m**3 + 8*m**2 - 9*m + 4. Let r be (1/2)/((-10)/(-2520)). Let b = -126 + r. Suppose 4*c - 15 - 9 = b. Give o(c).
22
Let b be (-32)/(-36) - 11972/(-1476). Let w(n) = 1 + 0 + 7 - n. What is w(b)?
-1
Let u(g) = 2*g + 6. Let f = 58 + -56. Suppose -3 = 3*k + w + 2*w, 0 = f*k - 4*w + 8. Let x be u(k). Let h(p) = -p**2 - 2*p + 3. Calculate h(x).
-5
Let v(i) = -2*i**2 - 10*i + 7. Suppose 4*c - 27 = 10*o - 5*o, -5*c = -o - 18. Let b(p) = -5*p**2 - 20*p + 15. Let q(r) = o*b(r) + 7*v(r). Calculate q(10).
4
Let m be 4 + (3 - 7) + -13. Let d be 39/m - 6/(-1). Let y(v) = v**2 - 3*v - 3. Calculate y(d).
-3
Let n be 14 + -2 + ((-4)/1)/(-2). Suppose 79 = n*s + 23. Let r(w) = 2*w - s + w**2 - 2*w**2 + 0*w + 3*w. Give r(4).
0
Suppose -5*t + 42 = -3*p, t + 38 = 6*t - 2*p. Let g(k) be the third derivative of 0*k**5 - 1/6*k**3 + 0 + 0*k - 1/12*k**4 - 1/24*k**t + 2*k**2. What is g(-1)?
6
Let z = -544 - -549. Let n(k) = -2*k**2 - 1. What is n(z)?
-51
Let r be ((-18)/(-4))/((-18513)/(-8228)). Let f(t) = -t**2 - 4*t + 5. Let x(m) = m**2 - m. Let o(l) = f(l) - 2*x(l). Determine o(r).
-11
Let c = -22184 - -22171. Let k(o) = o**3 + 13*o**2 + 8. What is k(c)?
8
Suppose 12 = 2*p, 27*a - 28*a = p - 4. Let v(r) = -r**3 + 2*r + 3 + 0 - r**2 + 6*r. What is v(a)?
-9
Let p(d) = -10*d**2 - 91*d + 5. Let m(a) = 20*a**2 + 183*a - 11. Let g(s) = 2*m(s) + 5*p(s). Give g(-9).
-6
Let f(k) be the third derivative of k**5/60 + 3*k**4/8 + 4*k**3/3 - 234*k**2. What is f(-7)?
-6
Suppose -14*t + 15 - 71 = 0. Let p(h) = -2*h**2 - 7*h - 6. Let b be p(t). Let g(f) = -f**2 - 9*f + 4. Give g(b).
-6
Let h = -403 + 399. Let l(a) = 17*a**2 + 14*a + 11. Let q(i) = 4*i**2 + i + 1. Let n(y) = h*q(y) + l(y). Determine n(-9).
-2
Let b(q) be the first derivative of q**2/2 + 11*q - 1. Let v = 238 + -286. Let h be ((-7)/(84/(-18)))/(9/v). Calculate b(h).
3
Let s be 22 - ((-6)/4 - 7/(-2)). Let z be -2 + s/4 + 0. Let d(f) be the second derivative of 4*f**3/3 + 2*f**2 + 16*f. What is d(z)?
28
Let b be -6*-26*6/(-117). Let v(c) = -c**2 - 7*c + 7. Give v(b).
-1
Let n = 12 + -17. Let x(k) = 1 + 6*k**2 + 1 - 2*k**2 - 5*k**2 + 0 - 4*k. Determine x(n).
-3
Let b be (4/(-3))/(1/(-6)). Suppose -2*w = -b - 0. Let r(o) = -o**3 + 3*o**2 + 5*o - 4. Calculate r(w).
0
Let f = -94 + 97. Let u(w) = -13*w - 2. Let l(a) = 7*a + 1. Let g(t) = 10*l(t) + 6*u(t). Let d(q) = 8*q + 3. Let r(j) = -5*d(j) - 6*g(j). Give r(f).
21
Let r(h) = -224*h**3 - h**2 + h. Let g be r(1). Let s = g + 218. Let d(o) be the first derivative of -o**4/4 - 5*o**3/3 + 3*o**2 + 4*o - 4. Give d(s).
4
Let s(k) = k**3 + 3*k**2 + 166*k + 491. Let w be s(-3). Let h(q) = -q**2 - 16*q - 4. Calculate h(w).
59
Let q(b) = -5*b + 606. Let u(g) = 3*g - 279. Let o(t) = 6*q(t) + 13*u(t). What is o(-9)?
-72
Let r(j) = -8*j + 8. Let a(w) be the first derivative of -w**3/3 - 10. Suppose -5*g - 3 = 2. Let z(u) = g*a(u) + r(u). Determine z(6).
-4
Suppose 86 = 46*r - 6. Let t(b) = b**2 + 2*b + 1. Give t(r).
9
Let y(u) = -11 - u + 2*u + 5*u. Let d be y(-8). Let r = d + 56. Let k(z) = 3*z + 4. Calculate k(r).
-5
Suppose 22*p - 10 = 24*p. Let z be (-2)/p - (-4)/(-10). Suppose z = -4*b + 3*u + 18, b = -6*u + 3*u + 12. Let m(h) = -h**3 + 6*h**2 + 6. What is m(b)?
6
Let h(q) = 88*q**3 + 1. Suppose 13*o - 16*o = 5*v + 22, -2*v - 14 = -4*o. What is h(o)?
89
Let b(c) = c**3 + 3*c**2 - 3*c - 11. Let r be (-23)/8 + (-96)/768. Calculate b(r).
-2
Let l be 8 + 3*(3 - 5). Let v be (-135)/(-54)*-1*l. Let m(u) = u**3 + 5*u**2 + 5*u - 5. What is m(v)?
-30
Let t be 64/34 - 12/(-102). Let g(x) = -9*x**2 - t*x + 2*x**2 - 119*x**3 + 8 + 118*x**3. What is g(-6)?
-16
Let i(j) be the first derivative of j**3/3 - j**2/2 - 3*j + 16. Let l be i(-2). Let u(q) = -5*q + 3. Calculate u(l).
-12
Let n be 4/1*(-3 + 4). Suppose -5 = n*x + x. Let v(g) = -2*g**3 - 2*g**2 - g. Determine v(x).
1
Let j(p) = -p**2 - 15*p - 45. Let n be j(-5). Let t(s) = 6*s - 82 - 5*s**2 + 4*s**2 + 88. Determine t(n).
11
Let t(l) = -9*l**2 - 131 - l**3 - 132 + 565 - 144 - 145 - l. Calculate t(-8).
-43
Let i(c) = c**3 - 4*c**2 - c - 1. Suppose 0 = -4*g + 20, -3*g + 18 + 22 = 5*m. Suppose -m + 25 = 5*j. Give i(j).
-5
Let d be 10*(-2)/(-6)*33/2. Suppose -21*r - 50 - d = 0. Let a(h) = h**3 + 5*h**2 - 6*h - 7. Calculate a(r).
23
Let z(n) = -2*n**3 - 8 + 80*n - 27*n**2 + 15*n - 109*n. Calculate z(-13).
5
Let v(s) be the second derivative of s**5/20 + 2*s**4/3 + s**3/2 - s**2 - 3*s. Suppose 0 = -5*f + 5*i + 7 - 57, -i - 4 = f. What is v(f)?
26
Let r = -15 - -6. Let b(p) = 13*p**2 - 2*p + 11. Let t(n) = -32*n**2 + 10*n - 23. Let x(i) = -5*b(i) - 2*t(i). Calculate x(r).
0
Let o(s) = -s**2 - 14*s - 9. Let j(l) = -4*l**3 + 19*l**2 + 28*l + 1. Let x be j(6). Give o(x).
24
Let k(m) = m**2 - 286*m + 1948. Let d be k(7). Let l(a) be the third derivative of a**5/60 + a**4/8 - a**3/6 - 8*a**2. What is l(d)?
9
Let l be (0 + 2/4)*0. Suppose l*u = -5*u - 10. Let o(c) = c**2 + 25*c + 5. Let m(a) = -4*a**2 - 108*a - 21. Let w(g) = 3*m(g) + 13*o(g). Calculate w(u).
4
Suppose 0 = -4*w + 8, -3*d + w - 19 = 22. Let q(c) = -c**2 - 9*c + 41. Let h be q(d). Let o(